igit of z?
9
Suppose 12*l - 153015 = -5*f, -7*f = -4*f - l - 91768. What is the tens digit of f?
9
Suppose -13*a + 128257 = 7874 - 20342. What is the ten thousands digit of a?
1
Let a(l) be the second derivative of 0 + 1/2*l**2 - 9*l + 0*l**3 + 1/6*l**4. What is the units digit of a(0)?
1
Let o = 6093 - 3704. What is the thousands digit of o?
2
Let u(s) = -22*s - 58. Let b be (0 + 7)*(-70)/49. Let z be u(b). Suppose -i + 58 = -z. What is the units digit of i?
0
Suppose -2*s + 365 = w, 5 - 360 = -2*s - 3*w. Let q = 258 - s. What is the tens digit of q?
7
Let y be 1/(-9) + 64/(-72)*-53. Suppose -1419 = 44*p - y*p. What is the tens digit of p?
7
What is the units digit of 18740/9 - (-3 - (-522)/162)?
2
Suppose 1759 = 4*y - 3*a - 809, a = 4. Let s = -198 + y. What is the units digit of s?
7
Suppose -5*j + 6*j = -5. Let b(a) = -47*a - 14. Let h be b(j). Suppose 5*i = -3*v - v + h, v + 78 = 2*i. What is the units digit of i?
1
Let a = 6351 - 905. What is the tens digit of a?
4
Let b = 31807 - 2985. What is the tens digit of b?
2
Suppose -18*v = 9*v - 13*v - 142464. What is the ten thousands digit of v?
1
Let h be 0*3/24*4 + 1295. Suppose 0 = 2*u - h - 219. Suppose -4*i - 4*l + u - 229 = 0, -3*i - l = -394. What is the units digit of i?
1
Let r = 414 + -397. Suppose 0 = 2*p + 2*p + 3*n - 363, -2*n + 2 = 0. Let y = r + p. What is the tens digit of y?
0
Suppose 1644 = 2*w + 4*x, -w - 5*x = -4*w + 2411. Suppose 11*l - w = 277. What is the units digit of l?
9
Let b be 1/(30996/15484 + -2 + 0). Let u = b + 128. What is the tens digit of u?
8
Suppose 2*k = -x - 21, k + 44 = -2*x + 2. Let u be -2 - ((-41)/3)/((-7)/x). Suppose u = h + 8. What is the units digit of h?
1
Suppose -2*q = -j - 2, -2*q - 49 = 5*j + q. What is the hundreds digit of (-2)/j + 47180/80?
5
Suppose 86*m - 9*m = -52*m + 10757181. What is the thousands digit of m?
3
Let n = -192 + 187. Let v(h) = -6*h**3 - 13*h**2 - 4*h - 1. What is the hundreds digit of v(n)?
4
Let x(u) be the first derivative of -2*u**3/3 - 3*u**2/2 + 2*u - 1. Let w = -4588 + 4588. What is the units digit of x(w)?
2
Let k(w) = 9*w + 1. Let l be k(3). Suppose -103 + 43 = -10*q. Suppose -2*a = h - q + 2, -5*h - 2*a + l = 0. What is the units digit of h?
6
Suppose -7*a + 70 = -77. Let x be 9/(63/806) + (-3)/a. Suppose -2*d + 107 = -x. What is the tens digit of d?
1
What is the units digit of 8794/((-19)/((-38)/4))?
7
Let c = 50284 - 30658. What is the hundreds digit of c?
6
Let s = 1375 + 451. What is the units digit of s?
6
Let d be ((-11 - -3) + 26)/((-6)/44). What is the tens digit of (1 - (-1846)/(-6))*d/110?
6
Let k(b) = -29*b + 163. Let r be k(34). Let j = r - -1430. What is the tens digit of j?
0
Let x(c) = 15*c - 324. Let q(p) = 30*p - 645. Let z(u) = -6*q(u) + 11*x(u). What is the tens digit of z(14)?
9
Let s(r) = -10*r + 15. Let p = 23 - 26. Let a(c) = 9*c - 14. Let f(k) = p*a(k) - 2*s(k). What is the units digit of f(-7)?
1
Suppose 65940 = 9*g + 26223. What is the thousands digit of g?
4
Let q(l) = -2*l**2 - 10*l + 10. Let r be q(-5). Suppose r = -2*c, 2*c = -5*y + 245 + 310. What is the tens digit of y?
1
Let y(n) = -2*n**3 - 11*n**2 + 18*n - 27. What is the units digit of y(-16)?
1
Suppose 0 = -u - 3*u + 3492. Suppose -u - 533 = -19*w. What is the tens digit of w?
7
Let i(u) be the first derivative of 7*u**3 - 3*u**2/2 - 34*u + 207. What is the units digit of i(-7)?
6
Suppose -3*q = 2*w - 2*q + 27, 3*w + 4*q + 43 = 0. Let o(l) = -2*l + 28. Let x be o(w). Let u = -42 + x. What is the units digit of u?
2
Let n = -21269 + 85026. What is the tens digit of n?
5
Let q = 661 + -114. Suppose -5*m + 0*l + 1375 = l, q = 2*m + l. Let x = m - 165. What is the hundreds digit of x?
1
Suppose 4*b - 331*j + 328*j = 4477, -2*b = j - 2241. What is the thousands digit of b?
1
Let z = 32 + -32. Let k be ((-35)/(-15) - 2)*z. Suppose -4*x + 64 + 48 = k. What is the units digit of x?
8
Let d(q) = q**2 - 12*q + 11. Let u = -49 - -61. Let c be d(u). Let o = 19 + c. What is the units digit of o?
0
Let q(t) = -137*t - 388. What is the tens digit of q(-34)?
7
Suppose 84015 - 14916 = 4*z + 5*r, 9*r - 34517 = -2*z. What is the hundreds digit of z?
2
Suppose -5*c - 192 = -y, 2*c + 436 = 2*y + 5*c. Suppose 9*k = -y + 995. Suppose k = x - 38. What is the hundreds digit of x?
1
Let z(y) = -y**2 + 20*y + 11. Suppose 120*v - 105 = 123*v. Let p be -5 + (-815)/v + (-4)/14. What is the tens digit of z(p)?
4
Let k be 9/(-108) + 49/12. Suppose -k*g + 400 = -2*i + 2300, -5*i - 5*g = -4810. What is the tens digit of i?
5
What is the units digit of ((-16)/24 + (-974)/3)*48351/(-284)?
8
Suppose 30*x - 27 - 33 = 0. Let l be (-14)/10*(-2 + -3). Suppose -x*m + 549 = l*m. What is the units digit of m?
1
Let n(k) = 55*k**2 + 51*k - 281. Let f = -679 - -684. What is the tens digit of n(f)?
4
Let m = -93 + 109. Suppose -982 = -m*n + 2666. What is the hundreds digit of n?
2
Let a(i) = 2*i + 332. Let z be a(-14). Let q = z - -746. What is the thousands digit of q?
1
Let y = 1338 + -1913. Let u be 1/((-5)/y*5). What is the tens digit of (63/(-42))/(2/(-4)) + u?
2
Suppose -3*o + 3*p = 1 + 5, -o + 2*p - 7 = 0. Suppose 4*m - 3*m - 950 = -2*c, -2*m + 1424 = o*c. What is the hundreds digit of c?
4
Let y(b) = -16*b**3 - 28*b**2 - 14*b - 24. What is the units digit of y(-15)?
6
Suppose 2*u + 4*w - 11199 = 16139, -u + 2*w + 13657 = 0. What is the ten thousands digit of u?
1
Let b = -11492 - -17872. What is the thousands digit of b?
6
What is the thousands digit of 2/(-19) + (-365321)/(-836)*68?
9
Suppose 8*v + 6311 = -2353. Let p = v + 1735. What is the tens digit of p?
5
Suppose -16*l + 169456 + 51870 = 3166. What is the thousands digit of l?
3
Suppose -2*y - h + 3 = 0, 2*y - 3*y - 11 = 3*h. Suppose -y*l - 934 = -5*l. What is the units digit of l?
4
Let r = 358 - 322. Let k(f) = f**3 - 34*f**2 - 56*f - 45. What is the hundreds digit of k(r)?
5
Let g be 12/28 + 4 + (-1616)/14. Let n be (2 - 3)*(-7 - g). Let d = n - -114. What is the units digit of d?
0
Suppose -2*i - 14473 = -5*q, 2*q = -4*i - 537 + 6307. What is the units digit of q?
3
Suppose 1350*b - 50934 = -3*r + 1351*b, 0 = 2*r + b - 33951. What is the thousands digit of r?
6
Let z(a) = 382*a + 3853. What is the hundreds digit of z(10)?
6
Suppose 3*a - 4251 = -2*y, 4*y = 27*a - 31*a + 8496. Suppose 0 = -44*c + 47*c - y. What is the tens digit of c?
0
Suppose 1211 - 3791 = -12*x + 14376. What is the thousands digit of x?
1
Let z(f) = -f**3 + 7*f**2 + 7*f + 8. Let c be z(8). Suppose c = -5*h + 11*h - 36. What is the units digit of h?
6
Suppose 0 = -37*d - 152 + 4. What is the units digit of 906 - (-1)/d*28?
9
Suppose -18*w + j = -16*w - 259, 2*w = -4*j + 264. Suppose -w - 3603 = -5*h + 4*m, -3*h + 2*m + 2241 = 0. What is the hundreds digit of h?
7
What is the hundreds digit of (-8915 - -1)/((-8)/28*(8 - 1))?
4
Suppose 19688 = 2*q - 37*k + 39*k, 4*k + 39400 = 4*q. What is the hundreds digit of q?
8
Suppose 4*b + 2*k - 710 = 0, -5*b - 3*k = 2*k - 900. Suppose -b + 159 = -4*f. Suppose v + f*y = 44, -2*v - 3*y = -v - 46. What is the tens digit of v?
5
Suppose 293*v = 295*v + 5*n - 92860, 5*v + 2*n - 232234 = 0. What is the tens digit of v?
5
What is the ten thousands digit of (9 + -130)/(35/(-8190))?
2
Suppose -60942 - 160737 = -34*j + 57665. What is the units digit of j?
6
Suppose -4*j - 5*o = -10, 4*j = j + o - 2. Suppose j = -2*f + f. What is the units digit of ((-90)/(-50))/(6/20 - f)?
6
Suppose -8*x + 248360 = 20*x. What is the units digit of x?
0
Suppose 31*g = -26*g - 10*g + 906175. What is the thousands digit of g?
3
Let w = -236 - -550. Let b = 1626 - w. What is the tens digit of b?
1
Suppose 0 = 4*q - 255 - 117. Let z(a) = 123 - 123 + q*a. What is the units digit of z(1)?
3
Suppose 2*m - z = 24, -2*m - 2*m + 4*z + 52 = 0. Suppose 330 = 10*s - m*s. Let c = 487 + s. What is the hundreds digit of c?
1
Let s(t) = -28*t - 35. Let p be s(-27). Let c = p + 74. What is the tens digit of c?
9
Suppose -16*x + 24*x + 16 = 0. Let p be ((-18)/6)/(1/x). What is the hundreds digit of p/14 + 0 - 28750/(-161)?
1
Let l = -40 + 60. Suppose 2*t - 42 - l = 0. Suppose 3*q = 4*b + t, -2*b = -q + 2*b - 3. What is the units digit of q?
7
Let b = 16459 - 11330. What is the tens digit of b?
2
Let s = -7264 - -13991. What is the units